{"id":32,"date":"2018-09-24T17:36:41","date_gmt":"2018-09-24T17:36:41","guid":{"rendered":"http:\/\/ngenvironment.eduproject.eu\/?page_id=32"},"modified":"2020-06-08T14:44:22","modified_gmt":"2020-06-08T14:44:22","slug":"conveyor","status":"publish","type":"page","link":"http:\/\/ngenvironment.eduproject.eu\/?page_id=32","title":{"rendered":"Conveyor"},"content":{"rendered":"<p>E-Mail: marc.beutner (at) uni-paderborn.de<\/p>\n<p>Responsible for content according to \u00a7 10 MDStV:<br \/>\nProf. Dr. M. Beutner<\/p>\n<p>Disclaimer: Despite careful content control, we assume no liability for the content of external links. The operators of the linked pages are solely responsible for their content.<\/p>\n<p>The NGEnvironment project is co-financed by the ERASMUS+ programme of the European Commission.<\/p>\n<p>EU \u2013 Erasmus+ Programme<br \/>\nKey action:<\/p>\n<p>ADULT EDUCATION<\/p>\n<p>&nbsp;<\/p>\n<div id=\"gt-res-content\">\n<div id=\"gt-res-dir-ctr\" class=\"trans-verified-button-small\" dir=\"ltr\"><span lang=\"en\"><strong><span title=\"Sehr geehrte Nutzerinnen und Nutzer, \">Dear users,<br \/>\n<\/span><\/strong><span title=\"liebe Freunde, \"><strong>Dear friends,<\/strong><\/span><\/span><span lang=\"en\"><span title=\"Ihre Daten und deren Sicherheit liegen uns sehr am Herzen. \">Your data and their security are very important to us.<br \/>\n<\/span><span title=\"Wir sichern Ihre Daten und halten diese f\u00fcr Fremde und unberechtigte unzug\u00e4nglich. \">We secure your data and keep it inaccessible to strangers and unauthorized persons.<\/span><\/span><span lang=\"en\"><span title=\"Ab dem 25. Mai 2018 gilt die EU-Datenschutz-Grundverordnung (DSGVO).\">From 25 May 2018, the EU General Data Protection Regulation (DSGVO) will apply. <\/span><span title=\"Mit dieser Verordnung sind die Regeln f\u00fcr die Verarbeitung von personenbezogenen Daten EU-weit vereinheitlicht worden. \">This regulation has harmonized the rules governing the processing of personal data across the EU.<br \/>\n<\/span><span title=\"Ziel ist dabei der Schutz Ihrer Daten innerhalb der EU.\">The aim is to protect your data within the EU. <\/span><span title=\"Es gilt den Schutz der Daten insgesamt sicher zu stellen und den freie Datenverkehr innerhalb der EU bei hohem Ma\u00df an Transparenz zu gew\u00e4hrleisten. \">It is important to ensure the protection of data as a whole and to ensure the free movement of data within the EU with a high degree of transparency.<\/span><\/span><span lang=\"en\"><span title=\"Verarbeitete Daten \/ Kategorien verarbeiteter Daten \"><strong>Processed data \/ categories of processed data<\/strong><\/span><\/span><span lang=\"en\"><span title=\"Bei den auf dieser Website benutzen Daten werden keine pers\u00f6nlichen Teilnahmedaten oder \u00e4hnliches erhoben, sondern nur Daten f\u00fcr Sie zu Ihrer Information zur Verf\u00fcgung gestellt.\">For the data used on this website no personal data or similar information are collected. We only provide data for you for your information. <\/span><span title=\"Es werden keine Nutzerdaten verabeitet. \">No user data will be processed.<\/span><\/span><span lang=\"en\"><span title=\"Gem\u00e4\u00df \u00a715 DSGVO sind Sie jederzeit berechtigt, gegen\u00fcber der Ingenious Knowledge GmbH eine umfangreiche Auskunftserteilung zu den, zu Ihrer Person, gespeicherten Daten zu erfragen. \">According to \u00a715 DSGVO you are always entitled to ask Ingenious Knowledge GmbH for a comprehensive information on the personal data stored about you.<\/span><\/span><span lang=\"en\"><span title=\"Zudem k\u00f6nnen Sie gem\u00e4\u00df \u00a717 DSGVO jederzeit gegen\u00fcber der ngenious Knowledge GmbH die Berichtigung, L\u00f6schung und Sperrung einzelner personenbezogener Daten verlangen. \">In addition, in accordance with \u00a717 DSGVO, you can at any time request correction, deletion and blocking of individual personal data to Ingenious Knowledge GmbH.<\/span><\/span><\/p>\n<p><span lang=\"en\"><span title=\"Zweck der Verarbeitung \/ Website \"><strong>Purpose of processing \/ website<\/strong><\/span><\/span><\/p>\n<p><span lang=\"en\"><span title=\"Wir verbreiten Infomationen zum Projekt SMART, um eine Sichtbarkeit des Projekts und seiner Ergebnisse im Bereich der europ\u00e4ischen Bildung zu erzielen.\">We disseminate information about the NGEnvironment project to make the project and its results visible in the field of European education. <\/span><span title=\"Dabei werden keine Nutzerdaten gespeichert. \">No user data is saved.<\/span><\/span><\/p>\n<p><span id=\"result_box\" lang=\"en\"><span title=\"Rechtsgrundlage f\u00fcr die Verarbeitung \"><strong>Legal basis for processing<\/strong><br \/>\n<\/span><\/span><\/p>\n<\/div>\n<div class=\"trans-verified-button-small\" dir=\"ltr\"><\/div>\n<div class=\"trans-verified-button-small\" dir=\"ltr\"><span lang=\"en\"><span title=\"(in der Regel eine Einwilligung gem\u00e4\u00df Art. 6 Abs. 1 lit. a. EU-DSGVO \u2013 \">(as a rule, a consent pursuant to Art. 6 (1) (a) EU GDPR),<br \/>\n<\/span><span title=\"EU-Datenschutz-Grundverordnung)) \">EU Data Protection Regulation)<\/span><\/span><span lang=\"en\"><span title=\"Mit Ihrer Eintragung der Daten haben Sie uns eine Einwilligung zur Verarbeitung der Daten gegeben. \">By registering the data, you have given us consent to the processing of the data.<br \/>\n<\/span><span title=\"Die Erhebung der Formulardaten basiert auf einer Einwilligung der betroffenen Personen gem\u00e4\u00df Art. 6 Abs. 1 lit.\">The collection of the form data is based on the consent of the data subjects in accordance with Art. 6 para. 1 lit. <\/span><span title=\"a.\">a. <\/span><span title=\"EU-DSGVO. \">EU DSGVO<\/span><\/span><span lang=\"en\"><span title=\"EU-DSGVO. \">.<\/span><\/span><\/div>\n<div dir=\"ltr\"><\/div>\n<div class=\"trans-verified-button-small\" dir=\"ltr\"><span lang=\"en\"><span title=\"Dauer der Verarbeitung \"><strong>Duration of processing<\/strong><\/span><\/span><\/div>\n<div dir=\"ltr\"><\/div>\n<div class=\"trans-verified-button-small\" dir=\"ltr\"><span lang=\"en\"><span title=\"Ihr Zugang erfordert eine Daten\u00fcbertragung zu Ihrem Nutzungger\u00e4t (in der Regel \u00fcber einen Browser). \">Your access requires data transfer to your device (usually through a browser).<\/span><\/span><span lang=\"en\"> <span title=\"Entsprechende Zug\u00e4nge werden f\u00fcr die Dauer Ihrer Nutzung bei uns offen gehalten und anschlie\u00dfend wieder geschlossen. \">Appropriate accesses are kept open for the duration of your use with us and then closed again.<br \/>\n<\/span><span title=\"Daten werden vollst\u00e4ndig gel\u00f6scht. \">Data is completely deleted.<\/span><\/span><span lang=\"en\"><strong><span title=\"Ggf.\">Possible <\/span><span title=\"Empf\u00e4nger der erhobenen Daten \/ \">Recipient of the collected data \/<br \/>\n<\/span><\/strong><span title=\"\u00dcbermittlungen von Daten in Drittstaaten \"><strong>Transfers of data to third countries<\/strong><\/span><\/span><span lang=\"en\"><span title=\"Die Datenzurverf\u00fcgungstellung erfolgt durch uns. \">The data is provided by us.<br \/>\n<\/span><span title=\"Es werden keine Daten an Dritte weitergegeben \u2013 weder innerdeutsch noch in Drittl\u00e4nder. \">No data will be passed on to third parties \u2013 neither in German nor to anyone in third countries.<br \/>\n<\/span><span title=\"Ein Abgleich mit anderen Datenbest\u00e4nden oder eine Weitergabe an Dritte erfolgen nicht. \">An alignment with other databases or a transfer to third parties does not take place.<br \/>\n<\/span><span title=\"Entsprechend unseres Disclaimers im Impressum sind wir nicht f\u00fcr Inhalte verantwortlich die zu externen Links geh\u00f6ren. \">According to our disclaimer in the imprint \/ conveyor \/ legal notice we are not responsible for content belonging to external links.<br \/>\n<\/span><span title=\"Trotz sorgf\u00e4ltiger inhaltlicher Kontrolle \u00fcbernehmen wir keine Haftung f\u00fcr die Inhalte externer Links.\">Despite careful content control, we assume no liability for the content of external links. <\/span><span title=\"F\u00fcr den Inhalt der verlinkten Seiten sind ausschlie\u00dflich deren Betreiber verantwortlich. \">The content of the linked pages are the sole responsibility of their operators.<\/span><\/span><\/p>\n<p><span lang=\"en\"><span title=\"Verantwortliche\/r f\u00fcr die Verarbeitung \"><strong>Responsible for processing<\/strong><\/span><\/span><\/p>\n<p><span lang=\"en\"><span title=\"Verantwortlich f\u00fcr das Webangebot sind Marc Beutner und Rasmus Pechuel. \">Responsible for the website are Marc Beutner and Rasmus Pechuel.<\/span><\/span><\/p>\n<p><span lang=\"en\"><span title=\"Kontakt: \"><strong>Contact<\/strong><\/span><\/span><\/p>\n<p><span lang=\"en\"><span title=\"Marc Beutner, Wesseling \u2013 marc.beutner(at)uni-paderborn.de \">Marc Beutner, Wesseling \u2013 marc.beutner(at)uni-paderborn.de<br \/>\n<\/span><span title=\"Rasmus Pechuel, K\u00f6ln \u2013 ceo(at)ingeniousknowledge.com \">Rasmus Pechuel, Cologne \u2013 ceo (at) ingeniousknowledge.com<\/span><\/span><\/p>\n<p><span id=\"result_box\" lang=\"en\"><span title=\"Ihre Rechte als Betroffene\/r: \"><strong>Your rights as an affected person<\/strong><br \/>\n<\/span><\/span><\/p>\n<\/div>\n<div class=\"trans-verified-button-small\" dir=\"ltr\"><span lang=\"en\"><span title=\"Sie k\u00f6nnen als betroffene Person jederzeit die Ihnen durch die EU-DSGVO gew\u00e4hrten Rechte geltend machen.\">As an affected person, you can claim the rights granted to you by the EU GDPR at any time.<br \/>\n<\/span><span title=\"Diese Rechte werden in der allgemeinen Datenschutzerkl\u00e4rung f\u00fcr das Webangebot beschrieben. \">These rights are described in the general privacy policy for the website.<\/span><\/span><span lang=\"en\"><span title=\"Wir danken Ihnen f\u00fcr Ihr Vertrauen und w\u00fcnschen Ihnen viel Erfolg bei der Nutzung unserer Projektergebnisse und viel Freude mit den Informationen auf dieser Website. \">We thank you for your trust and wish you every success in using our project results and enjoy the information on this website.<\/span><\/span><span lang=\"en\"><span title=\"Sollten Sie Fragen zu Ihren bei uns hinterlegten Daten haben oder w\u00fcnschen Sie die L\u00f6schung Ihrer Daten, so senden Sie uns bitte eine Email mit dem Vermerk Ihres Anliegen an: \">If you have any questions about your deposited data or if you wish the deletion of your data, please send us an email with the note of your concern:<\/span><\/span><span lang=\"en\"><span title=\"ceo@ingeniousknowledge.com \">projects@ingeniousknowledge.com<\/span><\/span><\/div>\n<div dir=\"ltr\"><\/div>\n<div class=\"trans-verified-button-small\" dir=\"ltr\"><span lang=\"en\"><span title=\"Mit den besten Gr\u00fc\u00dfen \">With best regards<\/span><\/span><\/div>\n<div dir=\"ltr\"><\/div>\n<div class=\"trans-verified-button-small\" dir=\"ltr\"><span id=\"result_box\" lang=\"en\"><span title=\"Marc Beutner und Rasmus Pechuel\">Marc Beutner and Rasmus Pechuel<\/span><\/span><\/div>\n<\/div>\n<p><\/p>","protected":false},"excerpt":{"rendered":"<p>E-Mail: marc.beutner (at) uni-paderborn.de Responsible for content according to \u00a7 10 MDStV: Prof. Dr. M. Beutner Disclaimer: Despite careful content control, we assume no liability for the content of external links. The operators of the linked pages are solely responsible &hellip; <a href=\"http:\/\/ngenvironment.eduproject.eu\/?page_id=32\">Continue reading <span class=\"meta-nav\">&rarr;<\/span><\/a><\/p>\n","protected":false},"author":2,"featured_media":0,"parent":0,"menu_order":0,"comment_status":"closed","ping_status":"closed","template":"","meta":[],"_links":{"self":[{"href":"http:\/\/ngenvironment.eduproject.eu\/index.php?rest_route=\/wp\/v2\/pages\/32"}],"collection":[{"href":"http:\/\/ngenvironment.eduproject.eu\/index.php?rest_route=\/wp\/v2\/pages"}],"about":[{"href":"http:\/\/ngenvironment.eduproject.eu\/index.php?rest_route=\/wp\/v2\/types\/page"}],"author":[{"embeddable":true,"href":"http:\/\/ngenvironment.eduproject.eu\/index.php?rest_route=\/wp\/v2\/users\/2"}],"replies":[{"embeddable":true,"href":"http:\/\/ngenvironment.eduproject.eu\/index.php?rest_route=%2Fwp%2Fv2%2Fcomments&post=32"}],"version-history":[{"count":16,"href":"http:\/\/ngenvironment.eduproject.eu\/index.php?rest_route=\/wp\/v2\/pages\/32\/revisions"}],"predecessor-version":[{"id":837,"href":"http:\/\/ngenvironment.eduproject.eu\/index.php?rest_route=\/wp\/v2\/pages\/32\/revisions\/837"}],"wp:attachment":[{"href":"http:\/\/ngenvironment.eduproject.eu\/index.php?rest_route=%2Fwp%2Fv2%2Fmedia&parent=32"}],"curies":[{"name":"wp","href":"https:\/\/api.w.org\/{rel}","templated":true}]}}